272?
2, 4159
What are the prime factors of 1771?
7, 11, 23
What are the prime factors of 3298?
2, 17, 97
List the prime factors of 5745.
3, 5, 383
What are the prime factors of 55928?
2, 6991
List the prime factors of 1545.
3, 5, 103
What are the prime factors of 119591?
119591
What are the prime factors of 17000?
2, 5, 17
List the prime factors of 8951.
8951
List the prime factors of 2883.
3, 31
What are the prime factors of 5041?
71
What are the prime factors of 64658?
2, 11, 2939
What are the prime factors of 106475?
5, 4259
List the prime factors of 8992.
2, 281
What are the prime factors of 3345?
3, 5, 223
What are the prime factors of 6913?
31, 223
List the prime factors of 671.
11, 61
List the prime factors of 24459.
3, 31, 263
What are the prime factors of 69477?
3, 23159
What are the prime factors of 2817?
3, 313
List the prime factors of 1280.
2, 5
What are the prime factors of 945?
3, 5, 7
List the prime factors of 7285.
5, 31, 47
What are the prime factors of 484?
2, 11
What are the prime factors of 8476?
2, 13, 163
List the prime factors of 3832.
2, 479
List the prime factors of 56561.
163, 347
What are the prime factors of 1177?
11, 107
What are the prime factors of 82010?
2, 5, 59, 139
What are the prime factors of 6155?
5, 1231
List the prime factors of 37930.
2, 5, 3793
What are the prime factors of 38520?
2, 3, 5, 107
List the prime factors of 40491.
3, 11, 409
List the prime factors of 1046.
2, 523
What are the prime factors of 18431?
7, 2633
List the prime factors of 2247.
3, 7, 107
List the prime factors of 31024.
2, 7, 277
List the prime factors of 751.
751
What are the prime factors of 70589?
70589
List the prime factors of 16774.
2, 8387
List the prime factors of 1632.
2, 3, 17
What are the prime factors of 638?
2, 11, 29
What are the prime factors of 4464?
2, 3, 31
What are the prime factors of 1363?
29, 47
List the prime factors of 54038.
2, 41, 659
What are the prime factors of 3517?
3517
What are the prime factors of 18116?
2, 7, 647
What are the prime factors of 19862?
2, 9931
What are the prime factors of 113640?
2, 3, 5, 947
List the prime factors of 3672.
2, 3, 17
List the prime factors of 3173.
19, 167
List the prime factors of 10992.
2, 3, 229
List the prime factors of 180.
2, 3, 5
List the prime factors of 17613.
3, 19, 103
List the prime factors of 1366.
2, 683
What are the prime factors of 3799?
29, 131
What are the prime factors of 1660?
2, 5, 83
List the prime factors of 89932.
2, 22483
What are the prime factors of 22177?
67, 331
What are the prime factors of 146?
2, 73
What are the prime factors of 18642?
2, 3, 13, 239
What are the prime factors of 1722?
2, 3, 7, 41
List the prime factors of 3464.
2, 433
What are the prime factors of 35932?
2, 13, 691
List the prime factors of 484.
2, 11
What are the prime factors of 2408?
2, 7, 43
List the prime factors of 3459.
3, 1153
List the prime factors of 8375.
5, 67
What are the prime factors of 22500?
2, 3, 5
List the prime factors of 1667.
1667
List the prime factors of 1507.
11, 137
What are the prime factors of 3087?
3, 7
What are the prime factors of 13015?
5, 19, 137
List the prime factors of 2114.
2, 7, 151
List the prime factors of 4525.
5, 181
What are the prime factors of 967?
967
What are the prime factors of 55065?
3, 5, 3671
List the prime factors of 2214.
2, 3, 41
List the prime factors of 880.
2, 5, 11
What are the prime factors of 76340?
2, 5, 11, 347
List the prime factors of 73582.
2, 36791
What are the prime factors of 22697?
22697
List the prime factors of 1772.
2, 443
What are the prime factors of 34635?
3, 5, 2309
What are the prime factors of 1890?
2, 3, 5, 7
List the prime factors of 70115.
5, 37, 379
List the prime factors of 14834.
2, 7417
What are the prime factors of 14830?
2, 5, 1483
List the prime factors of 98339.
29, 3391
List the prime factors of 50457.
3, 11, 139
List the prime factors of 165.
3, 5, 11
List the prime factors of 10989.
3, 11, 37
What are the prime factors of 19011?
3, 6337
What are the prime factors of 5209?
5209
What are the prime factors of 20509?
20509
What are the prime factors of 23986?
2, 67, 179
What are the prime factors of 1565?
5, 313
List the prime factors of 1025.
5, 41
List the prime factors of 2308.
2, 577
List the prime factors of 106502.
2, 11, 47, 103
What are the prime factors of 63?
3, 7
List the prime factors of 3092.
2, 773
What are the prime factors of 7203?
3, 7
What are the prime factors of 8708?
2, 7, 311
What are the prime factors of 25557?
3, 7, 1217
What are the prime factors of 3863?
3863
What are the prime factors of 1866?
2, 3, 311
What are the prime factors of 8799?
3, 7, 419
What are the prime factors of 6487?
13, 499
What are the prime factors of 1786?
2, 19, 47
What are the prime factors of 2527?
7, 19
List the prime factors of 269.
269
List the prime factors of 556.
2, 139
List the prime factors of 8064.
2, 3, 7
List the prime factors of 55616.
2, 11, 79
List the prime factors of 16652.
2, 23, 181
List the prime factors of 93298.
2, 46649
List the prime factors of 2383.
2383
What are the prime factors of 11537?
83, 139
List the prime factors of 646.
2, 17, 19
What are the prime factors of 12064?
2, 13, 29
What are the prime factors of 87669?
3, 17, 191
List the prime factors of 31916.
2, 79, 101
List the prime factors of 4339.
4339
List the prime factors of 1519.
7, 31
What are the prime factors of 3761?
3761
What are the prime factors of 29440?
2, 5, 23
List the prime factors of 29785.
5, 7, 23, 37
List the prime factors of 20.
2, 5
What are the prime factors of 248?
2, 31
What are the prime factors of 37581?
3, 12527
List the prime factors of 3191.
3191
List the prime factors of 13676.
2, 13, 263
List the prime factors of 749.
7, 107
List the prime factors of 15853.
83, 191
List the prime factors of 1171.
1171
List the prime factors of 5547.
3, 43
What are the prime factors of 482?
2, 241
What are the prime factors of 29371?
23, 1277
What are the prime factors of 143589?
3, 23, 2081
List the prime factors of 113180.
2, 5, 5659
What are the prime factors of 3010?
2, 5, 7, 43
What are the prime factors of 1586?
2, 13, 61
What are the prime factors of 7697?
43, 179
List the prime factors of 591.
3, 197
List the prime factors of 15335.
5, 3067
List the prime factors of 517.
11, 47
List the prime factors of 32233.
32233
List the prime factors of 3700.
2, 5, 37
What are the prime factors of 775?
5, 31
List the prime factors of 483.
3, 7, 23
What are the prime factors of 45096?
2, 3, 1879
List the prime factors of 25217.
151, 167
What are the prime factors of 32355?
3, 5, 719
What are the prime factors of 706?
2, 353
List the prime factors of 106057.
7, 109, 139
What are the prime factors of 20382?
2, 3, 43, 79
What are the prime factors of 673?
673
List the prime factors of 5220.
2, 3, 5, 29
What are the prime factors of 15801?
3, 23, 229
What are the prime factors of 24834?
2, 3, 4139
List the prime factors of 5948.
2, 1487
What are the prime factors of 676?
2, 13
List the prime factors of 30586.
2, 41, 373
What are the prime factors of 9444?
2, 3, 787
What are the prime factors of 4878?
2, 3, 271
List the prime factors of 6742.
2, 3371
List the prime factors of 210.
2, 3, 5, 7
What are the prime factors of 12178?
2, 6089
List the prime factors of 3894.
2, 3, 11, 59
List the prime factors of 6975.
3, 5, 31
List the prime factors of 10476.
2, 3, 97
List the prime factors of 27386.
2, 13693
What are the prime factors of 18565?
5, 47, 79
List the prime factors of 76262.
2, 17, 2243
What are the prime factors of 11759?
11, 1069
What are the prime factors of 1323?
3, 7
What are the prime factors of 6962?
2, 59
List the prime factors of 61282.
2, 13, 2357
List the prime factors of 5395.
5, 13, 83
List the prime factors of 88445.
5, 7, 19
What are the prime factors of 1186?
2, 593
What are the prime factors of 34741?
7, 709
List the prime factors of 5866.
2, 7, 419
List the prime factors of 1044.
2, 3, 29
List the prime factors of 28930.
2, 5, 11, 263
List the prime factors of 62765.
5, 12553
List the prime factors of 783.
3, 29
List the prime factors of 17438.
2, 8719
What are the prime factors of 14292?
2, 3, 397
What are the prime factors of 2962?
2, 1481
List the prime factors 